{"id":416,"date":"2012-03-24T16:46:31","date_gmt":"2012-03-24T15:46:31","guid":{"rendered":"http:\/\/pfrommer-web.de\/?page_id=416"},"modified":"2012-03-25T09:17:57","modified_gmt":"2012-03-25T07:17:57","slug":"die-ersten-wochen-im-dorf","status":"publish","type":"page","link":"http:\/\/pfrommer-web.de\/?page_id=416","title":{"rendered":"Die ersten Wochen im Dorf"},"content":{"rendered":"<p>Nach einer Woche Kathmandu, incl. dem Besuch in Ramechap \u00f6stlich von Kathmandu sind wir nach einer beschwerlichen Bus- und Jeepfahrt am Zielort Chhabdi nahe Pokhara angekommen.<\/p>\n<figure id=\"attachment_153\" aria-describedby=\"caption-attachment-153\" style=\"width: 630px\" class=\"wp-caption aligncenter\"><a href=\"http:\/\/pfrommer-web.de\/wp-content\/uploads\/DSCN22618.jpg\" data-rel=\"lightbox-image-0\" data-rl_title=\"\" data-rl_caption=\"\"><img loading=\"lazy\" decoding=\"async\" class=\"size-full wp-image-153\" title=\"\" src=\"http:\/\/pfrommer-web.de\/wp-content\/uploads\/DSCN22618.jpg\" alt=\"Abschied von der Familie in Ramechap\" width=\"640\" height=\"480\" srcset=\"http:\/\/pfrommer-web.de\/wp-content\/uploads\/DSCN22618.jpg 640w, http:\/\/pfrommer-web.de\/wp-content\/uploads\/DSCN22618-300x225.jpg 300w\" sizes=\"auto, (max-width: 640px) 100vw, 640px\" \/><\/a><figcaption id=\"caption-attachment-153\" class=\"wp-caption-text\">Abschied von der Familie in Ramechap<\/figcaption><\/figure>\n<figure id=\"attachment_220\" aria-describedby=\"caption-attachment-220\" style=\"width: 630px\" class=\"wp-caption aligncenter\"><a href=\"http:\/\/pfrommer-web.de\/wp-content\/uploads\/Ankunft-in-unserem-neuen-zuhause-1.jpg\" data-rel=\"lightbox-image-1\" data-rl_title=\"\" data-rl_caption=\"\"><img loading=\"lazy\" decoding=\"async\" class=\"size-full wp-image-220\" title=\"\" src=\"http:\/\/pfrommer-web.de\/wp-content\/uploads\/Ankunft-in-unserem-neuen-zuhause-1.jpg\" alt=\"Ankunft in unserem neuen zuhause\" width=\"640\" height=\"480\" srcset=\"http:\/\/pfrommer-web.de\/wp-content\/uploads\/Ankunft-in-unserem-neuen-zuhause-1.jpg 640w, http:\/\/pfrommer-web.de\/wp-content\/uploads\/Ankunft-in-unserem-neuen-zuhause-1-300x225.jpg 300w\" sizes=\"auto, (max-width: 640px) 100vw, 640px\" \/><\/a><figcaption id=\"caption-attachment-220\" class=\"wp-caption-text\">Ankunft in unserem neuen zuhause<\/figcaption><\/figure>\n<p>In diesem Bergdorf ist alles anders. Unsere Vorstellungen von Kommunikation wurden total \u00fcber den Haufen geschmissen. Mein teures Handy funktioniert nicht richtig, d.h. Internetzugang und damit auch der Zugang zu E-Mail und WhatsApp geht derzeit nur \u00fcber WLAN. Diese Zug\u00e4nge haben wir aber nur in Phokara im Hotel und dort ist entweder der Strom gerade abgeschaltet oder es funktioniert nicht. Heute habe ich einen l\u00e4ngeren Bericht \u00fcber die Schulen geschrieben und wollte ihn f\u00fcr den Blog freischalten, da merkte ich, dass zwischenzeitlich das WLAN ausgefallen war und mein Text auch weg war. Da kann ich Gelassenheit trainieren. F\u00fcr das Dorf habe ich mir einen Internet-USB-Stick f\u00fcr den PC gekauft mit welchem wir Internetzugang haben sollten. Ich komme zwar ins Netz, aber es l\u00e4sst sich nichts herunterladen.<\/p>\n<p>Im Dorf leben wir ganz einfach, nur kaltes Wasser welches vom Brunnen\/\u00fcber den Wasserhahn geholt\/abgesch\u00f6pft werden muss.<\/p>\n<figure id=\"attachment_214\" aria-describedby=\"caption-attachment-214\" style=\"width: 630px\" class=\"wp-caption aligncenter\"><a href=\"http:\/\/pfrommer-web.de\/wp-content\/uploads\/meine-neue-Sp\u00fclmaschine.jpg\" data-rel=\"lightbox-image-2\" data-rl_title=\"\" data-rl_caption=\"\"><img loading=\"lazy\" decoding=\"async\" class=\"size-full wp-image-214\" title=\"\" src=\"http:\/\/pfrommer-web.de\/wp-content\/uploads\/meine-neue-Sp\u00fclmaschine.jpg\" alt=\"Meine neue Sp\u00fclmaschine\" width=\"640\" height=\"480\" srcset=\"http:\/\/pfrommer-web.de\/wp-content\/uploads\/meine-neue-Sp\u00fclmaschine.jpg 640w, http:\/\/pfrommer-web.de\/wp-content\/uploads\/meine-neue-Sp\u00fclmaschine-300x225.jpg 300w\" sizes=\"auto, (max-width: 640px) 100vw, 640px\" \/><\/a><figcaption id=\"caption-attachment-214\" class=\"wp-caption-text\">Meine neue Sp\u00fclmaschine<\/figcaption><\/figure>\n<p>Wir haben hier den Luxus, mit Gas kochen zu k\u00f6nnen im Gegensatz zu den meisten H\u00e4usern hier,die nur mit offenem Feuer kochen. Gas ist in Nepal derzeit sehr schwer zu bekommen. Elektrizit\u00e4t ist verf\u00fcgbar, auch in unserer Unterkunft, allerdings nur stundenweise.<\/p>\n<figure id=\"attachment_222\" aria-describedby=\"caption-attachment-222\" style=\"width: 630px\" class=\"wp-caption aligncenter\"><a href=\"http:\/\/pfrommer-web.de\/wp-content\/uploads\/Unsere-K\u00fcche-bei-Kerzen-u.-Taschenlampenlicht.jpg\" data-rel=\"lightbox-image-3\" data-rl_title=\"\" data-rl_caption=\"\"><img loading=\"lazy\" decoding=\"async\" class=\"size-full wp-image-222\" title=\"\" src=\"http:\/\/pfrommer-web.de\/wp-content\/uploads\/Unsere-K\u00fcche-bei-Kerzen-u.-Taschenlampenlicht.jpg\" alt=\"Unsere K\u00fcche mit Max einem weiteren Helfer\" width=\"640\" height=\"480\" srcset=\"http:\/\/pfrommer-web.de\/wp-content\/uploads\/Unsere-K\u00fcche-bei-Kerzen-u.-Taschenlampenlicht.jpg 640w, http:\/\/pfrommer-web.de\/wp-content\/uploads\/Unsere-K\u00fcche-bei-Kerzen-u.-Taschenlampenlicht-300x225.jpg 300w\" sizes=\"auto, (max-width: 640px) 100vw, 640px\" \/><\/a><figcaption id=\"caption-attachment-222\" class=\"wp-caption-text\">Unsere K\u00fcche bei Kerzen- u. Taschenlampenlicht<\/figcaption><\/figure>\n<p>&nbsp;<\/p>\n<p>Brigitte mit Max einem Mitbewohner und Helfer (Bauingenieur)<\/p>\n<p>&nbsp;<\/p>\n<p>Das Klo war anf\u00e4nglich sehr geruchsintensiv. In der ersten Nacht nach unserer Ankunft hat Brigitte sich entschieden, nur ein mal w\u00f6chentlich aufs Klo zu gehen und in der Zwischenzeit ihre Verdauung komplett einzustellen. Frauen k\u00f6nnen das ja. Im Traum hat sie ein Fenster zur Bel\u00fcftung ins Klogeb\u00e4ude geschlagen und weitere L\u00f6sungsstrategien angedacht. Wir haben dann Hilfe bekommen. Jotti (unser Koch) hat irgendwie den Abfluss freigemacht und somit haben wir jetzt nur noch das Problem, dass wir bei unseren \u201ewichtigen\u201c Gesch\u00e4ften nicht sitzen k\u00f6nnen.<\/p>\n<p>Der Speiseplan ist sehr eingeschr\u00e4nkt. Es gibt \u00fcberwiegend Dhal = Reis, Bat = Linsensuppe und unterschiedliches Gem\u00fcse. Jotti kocht f\u00fcr uns einmal t\u00e4glich abends und das bei den bescheidenen Mitteln recht gut.<\/p>\n<p>Die ersten Tage war es nachts bitter kalt.<\/p>\n<figure id=\"attachment_224\" aria-describedby=\"caption-attachment-224\" style=\"width: 630px\" class=\"wp-caption aligncenter\"><a href=\"http:\/\/pfrommer-web.de\/wp-content\/uploads\/Blick-auf-unsere-bergige-Umgebung-im-Morgennebel-noch-recht-k\u00fchl.jpg\" data-rel=\"lightbox-image-4\" data-rl_title=\"\" data-rl_caption=\"\"><img loading=\"lazy\" decoding=\"async\" class=\"size-full wp-image-224\" title=\"\" src=\"http:\/\/pfrommer-web.de\/wp-content\/uploads\/Blick-auf-unsere-bergige-Umgebung-im-Morgennebel-noch-recht-k\u00fchl.jpg\" alt=\"Blick auf unsere bergige Umgebung im Morgennebel (noch recht k\u00fchl)\" width=\"640\" height=\"480\" srcset=\"http:\/\/pfrommer-web.de\/wp-content\/uploads\/Blick-auf-unsere-bergige-Umgebung-im-Morgennebel-noch-recht-k\u00fchl.jpg 640w, http:\/\/pfrommer-web.de\/wp-content\/uploads\/Blick-auf-unsere-bergige-Umgebung-im-Morgennebel-noch-recht-k\u00fchl-300x225.jpg 300w\" sizes=\"auto, (max-width: 640px) 100vw, 640px\" \/><\/a><figcaption id=\"caption-attachment-224\" class=\"wp-caption-text\">Blick auf unsere bergige Umgebung im Morgennebel (noch recht k\u00fchl)<\/figcaption><\/figure>\n<p>Tags\u00fcber wurde es schon richtig warm und nach einigen Tagen sogar hei\u00df (gef\u00fchlte 28 Grad). Wir haben Decken und Matratzen, die trotz intensiver L\u00fcftung jetzt immer noch leicht \u201emuffeln\u201c,da das Haus wohl schon l\u00e4nger leer stand. Ist nat\u00fcrlich f\u00fcr Brigitte\u2018s empfindliche Nase nicht ganz einfach. Am liebsten w\u00fcrde sie alles waschen, was aber schlecht geht, da hier nur Handw\u00e4sche m\u00f6glich ist.<\/p>\n<p>Auch bei den Zimmern musste wir umdenken. Es gibt keine Schr\u00e4nke, so dass wir unsere Kleider auf einem Tisch und dem zweiten Bett aufgestapelt haben.<\/p>\n<figure id=\"attachment_216\" aria-describedby=\"caption-attachment-216\" style=\"width: 630px\" class=\"wp-caption aligncenter\"><a href=\"http:\/\/pfrommer-web.de\/wp-content\/uploads\/Ankunft-in-unserem-neuen-zuhause-2.jpg\" data-rel=\"lightbox-image-5\" data-rl_title=\"\" data-rl_caption=\"\"><img loading=\"lazy\" decoding=\"async\" class=\" wp-image-216 \" title=\"\" src=\"http:\/\/pfrommer-web.de\/wp-content\/uploads\/Ankunft-in-unserem-neuen-zuhause-2.jpg\" alt=\"Unser Zimmer am 1.Tag ...\" width=\"640\" height=\"480\" srcset=\"http:\/\/pfrommer-web.de\/wp-content\/uploads\/Ankunft-in-unserem-neuen-zuhause-2.jpg 640w, http:\/\/pfrommer-web.de\/wp-content\/uploads\/Ankunft-in-unserem-neuen-zuhause-2-300x225.jpg 300w\" sizes=\"auto, (max-width: 640px) 100vw, 640px\" \/><\/a><figcaption id=\"caption-attachment-216\" class=\"wp-caption-text\">Unser Zimmer am 1.Tag ...<\/figcaption><\/figure>\n<div>\n<figure id=\"attachment_218\" aria-describedby=\"caption-attachment-218\" style=\"width: 630px\" class=\"wp-caption aligncenter\"><a href=\"http:\/\/pfrommer-web.de\/wp-content\/uploads\/Unser-Zimmer-nach-einem-Tag.jpg\" data-rel=\"lightbox-image-6\" data-rl_title=\"\" data-rl_caption=\"\"><img loading=\"lazy\" decoding=\"async\" class=\"size-full wp-image-218\" title=\"\" src=\"http:\/\/pfrommer-web.de\/wp-content\/uploads\/Unser-Zimmer-nach-einem-Tag.jpg\" alt=\"... und unser Zimmer nach einem Tag - Brigitte hat zugeschlagen\" width=\"640\" height=\"480\" srcset=\"http:\/\/pfrommer-web.de\/wp-content\/uploads\/Unser-Zimmer-nach-einem-Tag.jpg 640w, http:\/\/pfrommer-web.de\/wp-content\/uploads\/Unser-Zimmer-nach-einem-Tag-300x225.jpg 300w\" sizes=\"auto, (max-width: 640px) 100vw, 640px\" \/><\/a><figcaption id=\"caption-attachment-218\" class=\"wp-caption-text\">... und unser Zimmer nach einem Tag - Brigitte hat zugeschlagen<\/figcaption><\/figure>\n<\/div>\n<p>Eine Solaranlage soll bei Stromausfall eigentlich f\u00fcr Licht sorgen, nur funktioniert sie zur Zeit nicht. Somit waren wir die ersten Abende meist im Dunkeln, mit Kerzen und Taschenlampen zugange. Die Solaranlage soll die n\u00e4chsten Wochen noch repariert werden.<\/p>\n<p>Zwischen 18:00 und 19:00 Uhr wird es dunkel, meist sind wir gegen 21.00 im f\u00fcr uns sehr harten Bett. Tanka, unser Leiter und Organisator, hat uns mit einer Schaumstoffmatratze doch bald schon Erleichterung verschafft. Hier geht man mit den H\u00fchnern schlafen und steht mit ihrem Weckruf auf. Mittlerweile hat Brigitte\u00a0 die kahlen W\u00e4nde mit T\u00fcchern verh\u00e4ngt, sieht ganz niedlich aus J. Das neue Image kommt ihrer Vorstellung von Wohnen und Leben nun ein bisschen n\u00e4her, obwohl wir f\u00fcr nepalische Verh\u00e4ltnisse in einer gehobenen Klasse wohnen.<\/p>\n<p>In den ersten Tagen war Weltuntergangstimmung mit zeitweiligen Fluchttendenzen und gereizter Stimmung, doch jetzt nach kurzer Eingew\u00f6hnung f\u00fchlen wir uns schon recht wohl hier. Das Haus steht oben auf einem Berg und wir haben eine wunderbare Aussicht auf die rundum liegenden Berge und T\u00e4ler und- bei guter Fernsicht- sogar auf die Annapurnakette des Himalaja (\u00fcber 8.000 m.)<\/p>\n<figure id=\"attachment_226\" aria-describedby=\"caption-attachment-226\" style=\"width: 630px\" class=\"wp-caption aligncenter\"><a href=\"http:\/\/pfrommer-web.de\/wp-content\/uploads\/Aussicht-von-unserer-K\u00fcche-auf-das-Annapurnamassiv8000m-morgens-um-6.30.jpg\" data-rel=\"lightbox-image-7\" data-rl_title=\"\" data-rl_caption=\"\"><img loading=\"lazy\" decoding=\"async\" class=\"size-full wp-image-226\" title=\"\" src=\"http:\/\/pfrommer-web.de\/wp-content\/uploads\/Aussicht-von-unserer-K\u00fcche-auf-das-Annapurnamassiv8000m-morgens-um-6.30.jpg\" alt=\"Aussicht von unserer K\u00fcche auf das Annapurnamassiv (8000 m) morgends um 6.30\" width=\"640\" height=\"480\" srcset=\"http:\/\/pfrommer-web.de\/wp-content\/uploads\/Aussicht-von-unserer-K\u00fcche-auf-das-Annapurnamassiv8000m-morgens-um-6.30.jpg 640w, http:\/\/pfrommer-web.de\/wp-content\/uploads\/Aussicht-von-unserer-K\u00fcche-auf-das-Annapurnamassiv8000m-morgens-um-6.30-300x225.jpg 300w\" sizes=\"auto, (max-width: 640px) 100vw, 640px\" \/><\/a><\/dt>\n<dd>Aussicht von unserer K\u00fcche auf das Annapurnamassiv (8000 m) morgends um 6.30<\/dd>\n<\/dl>\n<\/div>\n<div class=\"mceTemp mceIEcenter\">\n<dl id=\"attachment_252\" class=\"wp-caption aligncenter\" style=\"width: 650px;\">\n<dt class=\"wp-caption-dt\"><a href=\"http:\/\/pfrommer-web.de\/wp-content\/uploads\/Empfang-an-der-Schule-2.jpg\" data-rel=\"lightbox-image-8\" data-rl_title=\"\" data-rl_caption=\"\"><img loading=\"lazy\" decoding=\"async\" class=\"size-full wp-image-252\" title=\"\" src=\"http:\/\/pfrommer-web.de\/wp-content\/uploads\/Empfang-an-der-Schule-2.jpg\" alt=\"Empfang an der Schule\" width=\"640\" height=\"480\" srcset=\"http:\/\/pfrommer-web.de\/wp-content\/uploads\/Empfang-an-der-Schule-2.jpg 640w, http:\/\/pfrommer-web.de\/wp-content\/uploads\/Empfang-an-der-Schule-2-300x225.jpg 300w\" sizes=\"auto, (max-width: 640px) 100vw, 640px\" \/><\/a><figcaption id=\"caption-attachment-226\" class=\"wp-caption-text\">Empfang an der Schule<\/figcaption><\/figure>\n<p>Die Leute hier sind sehr freundlich und zur\u00fcckhaltend. Wir waren an verschiedenen Schulen eingeladen. Als \u201especial guests\u201c durften wir stundenlang die Berichte auf nepali miterleben, hierbei wurden diverse Listen abgelesen welche Infos bzgl. Einnahmen, Ausgaben, Spendern beinhalteten, die der jeweiligen Schule zugeordnet waren, g\u00e4hn. Spannend war allerdings nach diesen Ausf\u00fchrungen, wie die Sch\u00fcler getanzt und gesungen und gefeiert haben.<\/p>\n<figure id=\"attachment_266\" aria-describedby=\"caption-attachment-266\" style=\"width: 630px\" class=\"wp-caption aligncenter\"><a href=\"http:\/\/pfrommer-web.de\/wp-content\/uploads\/Dscn2458.jpg\" data-rel=\"lightbox-image-9\" data-rl_title=\"\" data-rl_caption=\"\"><img loading=\"lazy\" decoding=\"async\" class=\"size-full wp-image-266\" title=\"\" src=\"http:\/\/pfrommer-web.de\/wp-content\/uploads\/Dscn2458.jpg\" alt=\"Sch\u00fclerinnen tanzen beim Schuljahresfest\" width=\"640\" height=\"480\" srcset=\"http:\/\/pfrommer-web.de\/wp-content\/uploads\/Dscn2458.jpg 640w, http:\/\/pfrommer-web.de\/wp-content\/uploads\/Dscn2458-300x225.jpg 300w\" sizes=\"auto, (max-width: 640px) 100vw, 640px\" \/><\/a><figcaption id=\"caption-attachment-266\" class=\"wp-caption-text\">Sch\u00fclerinnen tanzen beim Schuljahresfest<\/figcaption><\/figure>\n<p>Das English der Leute hier ist sehr schlecht. Wir k\u00f6nnen es nur sehr schlecht verstehen. Die jungen Menschen sprechen meist ein bisschen English, die \u00e4lteren kaum, da die meisten von ihnen nicht zur Schule gegangen sind.<\/p>\n<p>Herbert hatte bereits seinen ersten Schultag mit einer Std. in der 12. Klasse. Das war\u2018s dann aber schon f\u00fcr die n\u00e4chsten 10 Tage, da das j\u00e4hrliche Schul- und Elternfest mit einigen Tagen Vorbereitung und einige staatliche sowie lokale Feiertage in Folge fast 2 Wochen unterrichtsfrei bedeuteten. Der Unterrichtstag beginnt um 10 und endet nachmittags um 4. Die Klassenst\u00e4rken liegen bei ca. 45 und gehen bis zu knapp 70 Sch\u00fclern.<\/p>\n<p>Das Krankenhaus, in welchem Brigitte arbeiten soll, ist noch im Bau. Die gro\u00dfe Einweihung steht in 4 Wochen an- ca. 1500 Leute sind hierzu eingeladen(sogar die deutsche Botschafterin wird kommen). Ich denke dass die Zeit sehr sehr knapp wird, um das Hospital fertigzustellen. Die Arbeiter schlafen, kochen und arbeiten am Bau, das Freilichtklo im hinteren Grundst\u00fcck ist einzigartig\u2026..<\/p>\n<p>\u00dcbergangsweise hat Brigitte die M\u00f6glichkeit, im \u201ehealth post office\u201c bei einer Hebamme das Gesundheitssystem kennenzulernen &#8211; insgesamt spannend. Wie und welches Projekt im Bereich Frauengesundheit sie angehen wird, steht derzeit noch nicht ganz fest. Erst mal will sie sich einen \u00dcberblick verschaffen.<\/p>\n<p>Die Leistungen sind im health post office frei, die Medikamente welche verordnet werden (meist gleich Penicillin) m\u00fcssen aber bezahlt werden.<\/p>\n<p>Die Frauen k\u00f6nnen ihre Kinder dort geb\u00e4ren, sie m\u00fcssen halt rechtzeitig in die Ambulanz kommen. F\u00fcr die meisten Dorffrauen ist es finanziell nicht m\u00f6glich, sich mit dem Krankenhausjeep in die Ambulanz fahren zu lassen. So bekommen sie auch oft die Kinder zu Hause. Das Resultat ist aber auch leider, dass die Kinder oft sterben. Die Hebamme wird prinzipiell nicht geholt, wahrscheinlich aus Kostengr\u00fcnden. Lt. Hebamme kommen die Frauen dann mit ihren toten Kindern in den health post.<\/p>\n<p>Urin- und Blutuntersuchungen werden vor Ort gemacht, auch HIV Tests. Die Frauen haben einen Mutterpass (ein Blatt Papier) und bekommen 4 Untersuchungen in der Schwangerschaft und eine prophylaktische Wurmkur. Abtreibung ist erlaubt und wird zwischen der 9.-12. Woche von der Hebamme durchgef\u00fchrt. Im Bereich Familienplanung sind Spirale, 3- Monatsspritze, Verh\u00fctungsst\u00e4bchen und die Pille verf\u00fcgbar und kostenfrei zug\u00e4ngig. Sterilisation von Mann und Frau sind m\u00f6glich, diese wird aber in einem Krankenhaus (Ort unklar) durchgef\u00fchrt.<\/p>\n<p>Hier in Nepal m\u00fcssen Mann und Frau erst heiraten, bevor sie Sex haben k\u00f6nnen. Scheidung und Trennung sind im Dorf nicht die Regel, bzw. gibt es nicht. Sehr schwierig ist es auch f\u00fcr Frauen, die verwitwet sind, sich wieder zu binden. In Kathmandu gibt es z.B. Programme von der Regierung, die ca. 500\u20ac bezahlt, wenn M\u00e4nner sich bereit erkl\u00e4ren, eine Witwe zu heiraten. Auch ist es in bestimmten Kasten die Regel, wenn Witwen wieder heiraten, dass sie ihre Kinder aus erster Ehe entweder zu den Gro\u00dfeltern oder anderen Verwandten geben, da der Mann sie nicht nimmt. Sind diese nicht in der Lage, die Kinder aufzunehmen, kommen sie als \u201esogenannte Sozialwaisen\u201c in Waisenh\u00e4user unter.<\/p>\n<p>All diese Infos sind nat\u00fcrlich nur aus zum Teil schwerg\u00e4ngigen Gespr\u00e4chen entnommen und wir stellen sie eben so dar, wie wir sie verstanden haben.<\/p>\n<p>Auch die Zeitrechnung in Nepal ist v\u00f6llig unterschiedlich. Heute z.B.\u00a0 am 19.02.2012 ist hier der\u00a0 07.11.2068. Herbert ist sehr erfreut, das Jahr 2068 noch erleben zu d\u00fcrfen.<\/p>\n<p>Unser augenblickliches Fazit: Eine neue Welt mit f\u00fcr uns total ungewohnten Gegebenheiten fordern uns vor allem heraus, unsere gewohnten Annehmlichkeiten nicht wehklagend zu vermissen, sondern von den Leuten hier zu lernen, wie man mit wenig auch sehr fr\u00f6hlich und\u00a0 in freundlichem Umgang miteinander leben kann. Und es ist erstaunlich, wie schnell das schon vorangeht mit uns<\/p>\n<p>Das war\u2018s f\u00fcr heute<\/p>\n<p>Namaste und Tsch\u00fcss, bis bald.<\/p>\n<p>Herbert<\/p>\n","protected":false},"excerpt":{"rendered":"<p>Nach einer Woche Kathmandu, incl. dem Besuch in Ramechap \u00f6stlich von Kathmandu sind wir nach einer beschwerlichen Bus- und Jeepfahrt am Zielort Chhabdi nahe Pokhara angekommen. In diesem Bergdorf ist alles anders. Unsere Vorstellungen von Kommunikation wurden total \u00fcber den Haufen geschmissen. Mein teures Handy funktioniert nicht richtig, d.h. Internetzugang und damit auch der Zugang &#8230; <a title=\"Die ersten Wochen im Dorf\" class=\"read-more\" href=\"http:\/\/pfrommer-web.de\/?page_id=416\" aria-label=\"Mehr Informationen \u00fcber Die ersten Wochen im Dorf\">Weiterlesen<\/a><\/p>\n","protected":false},"author":1,"featured_media":0,"parent":312,"menu_order":2,"comment_status":"open","ping_status":"closed","template":"","meta":{"footnotes":""},"class_list":["post-416","page","type-page","status-publish"],"_links":{"self":[{"href":"http:\/\/pfrommer-web.de\/index.php?rest_route=\/wp\/v2\/pages\/416","targetHints":{"allow":["GET"]}}],"collection":[{"href":"http:\/\/pfrommer-web.de\/index.php?rest_route=\/wp\/v2\/pages"}],"about":[{"href":"http:\/\/pfrommer-web.de\/index.php?rest_route=\/wp\/v2\/types\/page"}],"author":[{"embeddable":true,"href":"http:\/\/pfrommer-web.de\/index.php?rest_route=\/wp\/v2\/users\/1"}],"replies":[{"embeddable":true,"href":"http:\/\/pfrommer-web.de\/index.php?rest_route=%2Fwp%2Fv2%2Fcomments&post=416"}],"version-history":[{"count":4,"href":"http:\/\/pfrommer-web.de\/index.php?rest_route=\/wp\/v2\/pages\/416\/revisions"}],"predecessor-version":[{"id":488,"href":"http:\/\/pfrommer-web.de\/index.php?rest_route=\/wp\/v2\/pages\/416\/revisions\/488"}],"up":[{"embeddable":true,"href":"http:\/\/pfrommer-web.de\/index.php?rest_route=\/wp\/v2\/pages\/312"}],"wp:attachment":[{"href":"http:\/\/pfrommer-web.de\/index.php?rest_route=%2Fwp%2Fv2%2Fmedia&parent=416"}],"curies":[{"name":"wp","href":"https:\/\/api.w.org\/{rel}","templated":true}]}}